{"id":64,"date":"2021-02-19T16:30:18","date_gmt":"2021-02-19T16:30:18","guid":{"rendered":"https:\/\/controlo2022.apca.pt\/?page_id=64"},"modified":"2021-11-16T13:00:04","modified_gmt":"2021-11-16T13:00:04","slug":"organizing-committee","status":"publish","type":"page","link":"https:\/\/controlo2022.apca.pt\/index.php\/organizing-committee\/","title":{"rendered":"Organizing Committee"},"content":{"rendered":"\t\t<div data-elementor-type=\"wp-page\" data-elementor-id=\"64\" class=\"elementor elementor-64\">\n\t\t\t\t\t\t\t\t\t<section class=\"elementor-section elementor-top-section elementor-element elementor-element-a5f8641 elementor-section-boxed elementor-section-height-default elementor-section-height-default\" data-id=\"a5f8641\" data-element_type=\"section\">\n\t\t\t\t\t\t<div class=\"elementor-container elementor-column-gap-default\">\n\t\t\t\t\t<div class=\"elementor-column elementor-col-100 elementor-top-column elementor-element elementor-element-c9a1346\" data-id=\"c9a1346\" data-element_type=\"column\">\n\t\t\t<div class=\"elementor-widget-wrap elementor-element-populated\">\n\t\t\t\t\t\t\t\t<div class=\"elementor-element elementor-element-1a6b4be elementor-widget elementor-widget-text-editor\" data-id=\"1a6b4be\" data-element_type=\"widget\" data-widget_type=\"text-editor.default\">\n\t\t\t\t<div class=\"elementor-widget-container\">\n\t\t\t\t\t\t\t<div id=\"content\" class=\"site-content clr\"><article class=\"single-page-article clr\"><div class=\"entry clr\"><h3>Organizing Committee<\/h3><p>\u00a0<\/p><h4><strong>General Chairs<\/strong> (NOVA School of Science and Technology, Portugal)<\/h4><p><a href=\"https:\/\/www.dee.fct.unl.pt\/equipa\/professor-auxiliar\/luis-filipe-figueira-brito-palma\" target=\"_blank\" rel=\"noopener\"><strong>Lu\u00eds Brito Palma<\/strong><\/a><br \/><strong><a href=\"https:\/\/docentes.fct.unl.pt\/rns\/\" target=\"_blank\" rel=\"noopener\">Rui Neves da Silva<\/a><\/strong><br \/><strong><a href=\"https:\/\/novaresearch.unl.pt\/en\/persons\/lu%C3%ADs-filipe-dos-santos-gomes\" target=\"_blank\" rel=\"noopener\">Lu\u00eds Gomes<\/a><\/strong><\/p><h4><strong>Technical Program Chairs<br \/><\/strong><\/h4><p><strong><a href=\"https:\/\/novaresearch.unl.pt\/en\/persons\/bruno-j-n-guerreiro\" target=\"_blank\" rel=\"noopener\">Bruno Guerreiro<\/a><\/strong> (NOVA School of Science and Technology, Portugal)<strong><br \/><a href=\"https:\/\/www.i3s.unice.fr\/~thamel\/\" target=\"_blank\" rel=\"noopener\">Tarek Hamel<\/a><\/strong> (Universit\u00e9 C\u00f4te d&#8217;Azur, France)<\/p><h4><strong>Financial Chair<\/strong><\/h4><p><a href=\"https:\/\/novaresearch.unl.pt\/en\/persons\/anik%C3%B3-katalin-horv%C3%A1th-da-costa\" target=\"_blank\" rel=\"noopener\"><strong>Anik\u00f3 Costa<\/strong><\/a> (NOVA School of Science and Technology, Portugal)<\/p><h4><strong>Publication Chair<\/strong><\/h4><p><strong><a href=\"https:\/\/docentes.fct.unl.pt\/pmrp\" target=\"_blank\" rel=\"noopener\">Pedro Pereira<\/a><\/strong> (NOVA School of Science and Technology, Portugal)<\/p><h4><strong>Publicity Chair<\/strong><\/h4><p><strong><a href=\"https:\/\/novaresearch.unl.pt\/en\/persons\/filipe-moutinho\" target=\"_blank\" rel=\"noopener\">Filipe Moutinho<\/a><\/strong> (NOVA School of Science and Technology, Portugal)<\/p><h4><strong>Local Arrangements Chair<\/strong><\/h4><p><strong><a href=\"https:\/\/www.dee.fct.unl.pt\/equipa\/professor-auxiliar\/joao-rosas\" target=\"_blank\" rel=\"noopener\">Jo\u00e3o Rosas<\/a><\/strong> (NOVA School of Science and Technology, Portugal)<\/p><h4><strong>Local Organizing Committee<\/strong> (NOVA School of Science and Technology, Portugal)<\/h4><p><a href=\"https:\/\/www.dee.fct.unl.pt\/equipa\/professor-auxiliar\/luis-filipe-figueira-brito-palma\" target=\"_blank\" rel=\"noopener\"><strong>Lu\u00eds Brito Palma<\/strong><\/a><br \/><strong><a href=\"https:\/\/docentes.fct.unl.pt\/rns\/\" target=\"_blank\" rel=\"noopener\">Rui Neves da Silva<\/a><\/strong><br \/><strong><a href=\"https:\/\/novaresearch.unl.pt\/en\/persons\/lu%C3%ADs-filipe-dos-santos-gomes\" target=\"_blank\" rel=\"noopener\">Lu\u00eds Gomes<\/a><\/strong><br \/><a href=\"https:\/\/novaresearch.unl.pt\/en\/persons\/bruno-j-n-guerreiro\" target=\"_blank\" rel=\"noopener\"><strong>Bruno Guerreiro<\/strong><\/a><br \/><a href=\"https:\/\/novaresearch.unl.pt\/en\/persons\/anik%C3%B3-katalin-horv%C3%A1th-da-costa\" target=\"_blank\" rel=\"noopener\"><strong>Anik\u00f3 Costa<\/strong><\/a><br \/><strong><a href=\"https:\/\/docentes.fct.unl.pt\/pmrp\" target=\"_blank\" rel=\"noopener\">Pedro Pereira<\/a><\/strong><br \/><strong><a href=\"https:\/\/www.dee.fct.unl.pt\/equipa\/professor-auxiliar\/joao-rosas\" target=\"_blank\" rel=\"noopener\">Jo\u00e3o Rosas<\/a><\/strong><br \/><a href=\"https:\/\/novaresearch.unl.pt\/en\/persons\/filipe-moutinho\" target=\"_blank\" rel=\"noopener\"><strong>Filipe Moutinho<\/strong><\/a><\/p><\/div><\/article><\/div>\t\t\t\t\t\t<\/div>\n\t\t\t\t<\/div>\n\t\t\t\t\t<\/div>\n\t\t<\/div>\n\t\t\t\t\t\t\t<\/div>\n\t\t<\/section>\n\t\t\t\t\t\t\t<\/div>\n\t\t","protected":false},"excerpt":{"rendered":"<p>Organizing Committee \u00a0 General Chairs (NOVA School of Science and Technology, Portugal) Lu\u00eds Brito PalmaRui Neves da SilvaLu\u00eds Gomes Technical Program Chairs Bruno Guerreiro (NOVA School of Science and Technology, Portugal)Tarek Hamel (Universit\u00e9 C\u00f4te d&#8217;Azur, France) Financial Chair Anik\u00f3 Costa (NOVA School of Science and Technology, Portugal) Publication Chair Pedro Pereira (NOVA School of Science [&hellip;]<\/p>\n","protected":false},"author":1,"featured_media":0,"parent":0,"menu_order":0,"comment_status":"closed","ping_status":"closed","template":"","meta":{"footnotes":""},"folder":[],"class_list":["post-64","page","type-page","status-publish","hentry","entry"],"_links":{"self":[{"href":"https:\/\/controlo2022.apca.pt\/index.php\/wp-json\/wp\/v2\/pages\/64","targetHints":{"allow":["GET"]}}],"collection":[{"href":"https:\/\/controlo2022.apca.pt\/index.php\/wp-json\/wp\/v2\/pages"}],"about":[{"href":"https:\/\/controlo2022.apca.pt\/index.php\/wp-json\/wp\/v2\/types\/page"}],"author":[{"embeddable":true,"href":"https:\/\/controlo2022.apca.pt\/index.php\/wp-json\/wp\/v2\/users\/1"}],"replies":[{"embeddable":true,"href":"https:\/\/controlo2022.apca.pt\/index.php\/wp-json\/wp\/v2\/comments?post=64"}],"version-history":[{"count":98,"href":"https:\/\/controlo2022.apca.pt\/index.php\/wp-json\/wp\/v2\/pages\/64\/revisions"}],"predecessor-version":[{"id":1276,"href":"https:\/\/controlo2022.apca.pt\/index.php\/wp-json\/wp\/v2\/pages\/64\/revisions\/1276"}],"wp:attachment":[{"href":"https:\/\/controlo2022.apca.pt\/index.php\/wp-json\/wp\/v2\/media?parent=64"}],"wp:term":[{"taxonomy":"folder","embeddable":true,"href":"https:\/\/controlo2022.apca.pt\/index.php\/wp-json\/wp\/v2\/folder?post=64"}],"curies":[{"name":"wp","href":"https:\/\/api.w.org\/{rel}","templated":true}]}}